 o**3 - 2*o**2 - 1. Let g(u) = -6*u**3 - 3*u**2 + 16*u + 38. Let m(h) = g(h) + 5*r(h). What is m(-14)?
5
Let d(o) = 7*o**2 + 2*o + 9. Let g(u) = -23*u**2 - 6*u - 28. Let j(x) = 13*d(x) + 4*g(x). Suppose 2*v - 6*v = q - 24, -20 = -4*v. Give j(q).
-3
Let q(c) = -35*c**3 + 2*c**2 + 100*c - 102. Let w be q(1). Let y(d) = -4*d - 148. Calculate y(w).
-8
Let y be ((-16 - -9) + 5)/((-2)/(-31)). Let k = 30 + y. Let t(f) = 10*f**3 + 2*f**2 + f. Give t(k).
-9
Let a(o) be the first derivative of 6*o + 2*o**2 - 2/3*o**3 - 1/4*o**4 - 49. Give a(-4).
22
Suppose -49 + 641 = -30*g + 112. Let m(j) = -11*j - 165. What is m(g)?
11
Let j(d) = -10*d + 85. Suppose 0 = 67*i + 155 - 691. Determine j(i).
5
Let w(x) = 94*x + 277. Let d be w(-3). Let q(g) = -2*g - 13. What is q(d)?
-3
Suppose -w + 5 = 0, 0 = 5*h + 2*w + 35 + 15. Let f(u) = u**3 + 11*u**2 - 10*u + 15. Determine f(h).
-9
Let w be 5/(-4) - -1 - (-23 - (-790)/40). Let z(a) be the first derivative of -1/3*a**w - 4*a + 4*a**2 + 1. What is z(5)?
11
Let o(k) be the second derivative of k**5/20 + 7*k**4/12 - 11*k**3/3 - 5*k**2/2 + 204*k. Let l(t) be the second derivative of o(t). Determine l(-6).
-22
Let o be (-1)/((-19)/(-4) - 5) - -5. Suppose o*n - 8*n - 2 = 5*p, 0 = 4*p + n - 2. Let h(c) = c + 2. What is h(p)?
2
Let p(i) = -9*i + 1. Let k(d) = -d**2. Let q(r) = 3*r**2 - r + 1. Let f(u) = -7*k(u) - 2*q(u). Let x be f(2). Calculate p(x).
-53
Let i(k) = -2*k + 3. Let q = 71 - 67. Let f be (-1 + q)/((-24)/(-16)). Suppose -f*d - g = -0*g, -d = 2*g + 6. What is i(d)?
-1
Let c(v) = v - 7. Let a be (-19)/(532/(-175)) - (-7)/4. What is c(a)?
1
Let r(x) = -11*x**2 + 13*x + 14. Let h be (135/(-60))/(6/(-16)). Let q(t) = -9*t**2 + 12*t + 13. Let k(b) = h*q(b) - 5*r(b). Determine k(-4).
-4
Let c(d) = -d**3 - 67*d**2 - 60*d + 422. Let i be c(-66). Let s(g) = -g**2 + 20*g + 155. Calculate s(i).
-1
Let x(n) = -10 + 10 + 0 + 0 - 6 + 3*n. Let p(z) = z**2 - 12*z - 6. Let v be p(13). Let h = v - 2. Determine x(h).
9
Let z(w) be the first derivative of -w**6/120 + w**5/60 - 7*w**3/6 + 15*w**2/2 + 2*w - 23. Let j(s) be the second derivative of z(s). Calculate j(0).
-7
Let m(q) = -6*q**2 - 6*q - 5. Suppose -23*l - 18 = 5. Determine m(l).
-5
Suppose -7*w + 25 = -4*w - 5*h, -4*w - 3*h = -14. Suppose -i = -m - 15, 3*i - 2 - w = m. Let k(o) = o**2 + 18*o - 12. What is k(m)?
7
Let k(f) = 5*f**3 + 6. Let m(x) = x**3 + 6*x + 13. Let h(q) = -q - 2. Let r(c) = -6*h(c) - m(c). Let b(n) = -2*k(n) - 11*r(n). Determine b(-1).
-2
Let f(q) = q**3 + 4*q**2 + 5*q - 4. Let n = -275 + 280. Suppose 0 = 5*x - n*m + 40, -4*x - 24 = -2*x - 4*m. Calculate f(x).
-24
Let k = -189 + 192. Let m(n) = -n - 12. Let l(b) = -b - 22. Let c(a) = k*l(a) - 5*m(a). Determine c(5).
4
Suppose -656*w + 12 = -652*w. Let i(d) = 2*d**2 - 112254*d + 112250*d + 3*d**2 - d**w + 3. Let l be 0 - (6/(-2) + -1). Calculate i(l).
3
Let v(m) = m**2 + 15*m + 3. Let h(j) = -6*j**2 - 70*j - 14. Let c(d) = 6*h(d) + 28*v(d). Suppose 4*q + 14 = -2*n, n + 3*n - 4*q - 8 = 0. Give c(n).
-8
Let o(s) = s**3 + 9*s**2 + 19*s + 1. Let u be o(-6). Let y(f) = 9*f - 8. Let j(l) = 4*l - 4. Let q(g) = u*j(g) + 2*y(g). Determine q(6).
-8
Let w(s) be the second derivative of s**5/20 - 7*s**4/12 - 4*s**3/3 + 5*s**2/2 + s. Let a = 61750 - 61742. What is w(a)?
5
Let b(t) be the third derivative of -t**5/60 - 5*t**4/8 + 5*t**3/6 - 15*t**2 - 14. Calculate b(-14).
19
Let h(b) = -6*b**2 + 19*b - 7. Suppose 0 = -116*x - 421 + 769. What is h(x)?
-4
Let q(g) = -4*g**3 + g**2 + 2. Let x be 4 - -5 - (-1 - -8). What is q(x)?
-26
Let k(t) = -4*t + 67. Suppose -5*c + 31 + 40 = -4*d, 4*d = -16. What is k(c)?
23
Let p be 0/(0 + (2 - 3)). Suppose p*a - 12 = -4*a. Let y(s) = -1 - 360*s**2 - 6 + 10 + 359*s**2. What is y(a)?
-6
Let w(m) = 8606 + 8*m**2 + m**3 - 8*m - 8608 + m**3 - m**3. Calculate w(-9).
-11
Let v(t) be the third derivative of -29 - 1/12*t**4 - 1/6*t**3 - t**2 + 0*t. Determine v(-4).
7
Let q(m) = -m**3 - 9*m + 1850*m**2 - 1843*m**2 + 13 - 16. Determine q(5).
2
Let c(m) = 3*m**2 - 36*m - 11. Let i = 29929 - 29917. Determine c(i).
-11
Let i(y) be the second derivative of -y**5/20 - y**4 - 5*y**3/3 + 6*y**2 - y. Let d be ((-14)/(-224) + 1575/144)/((-2)/2). Calculate i(d).
1
Let y(p) = p**2 + 10*p. Let u(r) = r**2 - r - 1. Let t be u(-2). Suppose -9 = t*i + 31. Calculate y(i).
-16
Suppose 61*i + 66 = 64*i. Suppose -5*r = -3 - i. Let c(d) = d**3 - 5*d**2 + 2*d. What is c(r)?
10
Suppose 0 = 35*j - 454 + 349. Let r(u) be the first derivative of -1/4*u**4 - 3*u**2 - u - 2*u**j - 38. Determine r(-4).
-9
Let j(i) = 20 - 6540*i - 6538*i + 19622*i - 6545*i. Give j(6).
14
Let f = -12276 + 12270. Let i(p) = -8*p - 55. What is i(f)?
-7
Suppose -5*d + 24 = 2*f, -d - 18*f = -14*f - 12. Let i(c) = 2 - 4 + 1 - c**3 + 5*c**2 + c + 0*c**3. Determine i(d).
19
Let d(w) be the second derivative of -4*w**3/3 + 3*w**2/2 - 679*w. Calculate d(-1).
11
Let a(o) = -72*o - 1582. Let y be a(-22). Let f(s) be the first derivative of 0*s**y + 4*s + 17 + 1/3*s**3. Determine f(-4).
20
Suppose k + 7 = -y, -5*y + 8 = -7*y - 4*k. Let l(v) = -v**2 + v + 102. What is l(y)?
-8
Let t(j) = 2*j**2 + 13*j - 9. Suppose 232 = -5*i - 2*w + 180, -6 = w. Give t(i).
15
Suppose -4 = -2*f + 5*b - 19, -5*f - 5*b = 55. Let g be 34/(-10) - f/25. Let w(o) = -3*o - 3. Let j(n) = 4*n + 4. Let a(l) = 4*j(l) + 5*w(l). Determine a(g).
-2
Suppose 38*f + 57*f = 99*f - 40. Let y(o) = o**3 - 9*o**2 - 13*o + 22. What is y(f)?
-8
Let x(b) = -7*b**2 + 0*b + 2*b**2 + b**2 + 5 - b. Let p(o) = 9*o**2 + 2*o - 9. Let z(c) = 4*p(c) + 7*x(c). Let j be 4/1 + 1*(-10 - -6 - -1). What is z(j)?
8
Let f(d) = -d + 1. Let j(k) be the third derivative of -k**4/6 + k**3/3 - 2*k**2. Let l(o) = -6*f(o) + j(o). Let m = 2855 - 2849. Calculate l(m).
8
Let f = 6887 - 6900. Let z(p) = -p**2 - 11*p + 11. Determine z(f).
-15
Let j(r) = 3*r**2 + 5*r**3 + 5*r**2 + 2 - 4*r**3. Let k be j(-8). Suppose k = w + 3, 0 = -4*o + 3*w - 33. Let a(t) = t + 1. Determine a(o).
-8
Let v(o) = o**2 + 2*o - 6. Let m(r) = -3*r**2 - 2*r + 13. Let s(q) = m(q) + 2*v(q). Calculate s(-4).
-23
Let f(w) = -29*w - 64. Let m(j) = -302*j - 638. Let a(b) = -62*f(b) + 6*m(b). What is a(11)?
-14
Let s(k) be the first derivative of -146 + 1/2*k**2 + 7*k. Determine s(-3).
4
Let d(h) = h**3 - 13*h**2 + 10*h + 27. Suppose 46*w = 123*w - 924. What is d(w)?
3
Let j = 1263 + -1262. Let k(n) = 9*n**2 - 3*n + 4. Determine k(j).
10
Let x(u) = -9 - 2*u - 348*u**2 - 341*u**2 + 691*u**2 - 3*u. What is x(5)?
16
Suppose -x + 45 = -j, -2*j - 288*x + 285*x = 125. Let v(i) = 2*i**2 + 100*i - 218. Determine v(j).
-10
Suppose -9 = -9*f + 45. Let u(x) be the first derivative of x**4/4 - 2*x**3 + 3*x**2 + 2*x - 11. Calculate u(f).
38
Let s(v) = -6*v - 62. Let m(b) = 2*b - 33. Let x(q) = -q + 3. Let l(f) = -m(f) - 4*x(f). Let p(u) = 8*l(u) + 3*s(u). Determine p(-8).
-2
Let j be 9/27*21 - 6. Let x(m) = -48*m**2 + 4*m - 6. Give x(j).
-50
Let g = 6096 + -6097. Let h(c) = -14*c**3 + 2*c**2 - c - 2. Calculate h(g).
15
Let c(r) = -2402*r - 2392*r + 4804*r + r**2 + 4*r**2 + 9. Give c(-1).
4
Let g(x) be the second derivative of 3*x**4/4 + x**3/6 + 32*x - 1. Suppose -3*h = d + 5, -2*h + d = -0*h + 5. Give g(h).
34
Let j be 16/6*(-3)/(-4). Let x(m) = 2 - j*m + 6 - 3*m**2 + 4 - 2 - 7. Calculate x(-3).
-18
Let w(i) be the first derivative of -11*i**2/2 + 8*i + 2678. Calculate w(-3).
41
Let x(b) = -b + 2. Let k(v) = v**2 - 11*v + 154. Let d(h) = -k(h) + 6*x(h). Let o(g) be the first derivative of d(g). Calculate o(6).
-7
Let h(y) be the third derivative of y**7/504 - y**5/30 + 9*y**4/4 + 11*y**2 - 2*y. Let s(b) be the second derivative of h(b). Determine s(3).
41
Let z(f) be the second derivative of f**5/20 + f**4/3 - f**3/6 - f**2/2 + 9*f - 1. Let b be ((-3)/(-2))/(18/12). Let t = -4 + b. Give z(t).
11
Let y(p) = -2*p**2 + 60*p - 18. Let k = -18149 - -18179. Give y(k).
-18
Let c(n) = 5*n + 5183*n**2 + 5180*n**2 - 23*n - 2 - 10361*n**2. Give c(9).
-2
Let u(t) = t**3 + 9*t**2 + 12*t + 6. Let v(b) = 89*b + 58. Let a be v(1). Suppose -a*y = -152*y - 40. Calculate u(y).
-26
Let i(m) = 2*m**2 + 16*m - 9. Let w be 1/((-1)/26) + 14. Determine i(w).
87
Suppose -3*b + 8*b + 1422 = 4*f, 0 = 2*f + 4. Let j = 290 + b. Let o(y) = -y**3 + 4*y - 4. Determine o(j).
-52
Let q(i) = -i -